 + 2*r + 0 + 5/2*r**2 - 1/20*r**5. Determine h(4).
-3
Suppose 0*y - 20 = -y + 3*i, 3*y = -5*i - 10. Suppose -y*v + 2 = -18. Let b(j) = -2 - j + 2*j + 4. Determine b(v).
6
Suppose 0 = 6*o - 3*o + 2*n - 27, -3*o - 5*n + 36 = 0. Let x = o + -5. Let v(w) = -6*w**x - w + 1 + 3*w + 0*w**2. What is v(-1)?
-7
Let x(h) = -h. Let d = 54 + -33. Suppose 5*v + 2*s = d, 0*s = -s - 2. What is x(v)?
-5
Let l(a) = a**2 - 3*a - 2. Let g(z) = z + 11. Let w be g(-7). What is l(w)?
2
Let p(m) = -m - m + 7 + 4*m + 0*m. Determine p(-6).
-5
Let o(z) = -5*z + 3. Let a = -7 - -6. Let b(g) = -1. Let d(p) = 16*p - 14. Let l(n) = a*d(n) + 4*b(n). Let u(h) = 6*l(h) - 20*o(h). What is u(2)?
8
Let u(y) = -y**2 - 3*y. Let o be u(-2). Let k be o/4*(9 + -15). Let w(a) = -2*a**2 - 4*a - 4. What is w(k)?
-10
Let b(c) = -2*c - 1. Let a = -5 - -15. Let k(s) = -s**3 + 9*s**2 + 10*s - 5. Let p be k(a). Calculate b(p).
9
Let z be 2/4*12/(-6). Let n(a) = 1 + 2*a + 2*a - 2*a. What is n(z)?
-1
Let u = 20 + -17. Suppose -3*h + 9 + u = 0. Let k(v) = v - 3. Give k(h).
1
Let d = -6 - -5. Let g(i) = 5*i + 2. Let s(y) = -y - 1. Let a(p) = d*g(p) - s(p). Let t = -2 + 3. Determine a(t).
-5
Let q(t) = t + 3. Let c be q(-3). Let j = c + 0. Let x(v) be the first derivative of v**4/4 - v**3/3 + v**2/2 + 4*v + 3. Calculate x(j).
4
Let q(s) = -s**2 + 2*s + 1. Let c(u) = -5*u**2 + 7*u - 5. Let h(b) = c(b) - 4*q(b). Let i(o) = -o**2 - 3*o. Let a be i(-3). Give h(a).
-9
Suppose 5*p = -25, b = p + 4 + 2. Suppose -2*u + 2 = -u. Let z be (u/4)/(b/(-8)). Let n(g) = g**3 + 4*g**2 - 2. What is n(z)?
-2
Let k(l) = 4*l - 3. Let w(y) = -5*y + 3. Let v(r) = 3*k(r) + 2*w(r). Determine v(2).
1
Let h = 20 + -18. Suppose b + 2 = 5*c + 10, h*c + 17 = 5*b. Let u(t) = -3*t. Give u(c).
3
Let q(f) = f**3. Let o be q(1). Suppose -5*x = o - 6. Let l(j) = j**2 - 2*j. Calculate l(x).
-1
Let p(f) = 2*f + 6. Let b(r) = -4 - 2*r + 0 - 3. Let o(g) = -4*g - 14. Let h(n) = -5*b(n) + 2*o(n). Let z(l) = -5*h(l) + 6*p(l). Give z(1).
3
Let i(o) = -3*o**2 - o - 1. Suppose 10*n + 0 = 20. Calculate i(n).
-15
Let m(d) be the third derivative of -d**5/60 + d**4/8 + 2*d**3/3 - 2*d**2. Determine m(4).
0
Let n(a) be the third derivative of -a**8/20160 + a**6/90 + a**5/30 - 2*a**2. Let w(g) be the third derivative of n(g). What is w(0)?
8
Let t(m) be the second derivative of m**6/120 + m**5/15 - m**4/4 - 7*m**3/6 + 7*m**2/2 + 6*m. Let x(l) be the first derivative of t(l). Determine x(-5).
-2
Let c be 3/12 - 13/4. Let y(w) = -w - 1. What is y(c)?
2
Let g(r) = r - 3. Let a(o) = 4*o + 23. Let b be a(-7). Give g(b).
-8
Let x(k) = -k + 1. Let b be x(-1). Suppose 0 = b*n + 3*n. Let w be (3 - n)*(0 - 2). Let h(c) = c + 4. Determine h(w).
-2
Let m(z) = -9*z**3 - 3*z**2 - z - 3. Let f(l) = -5*l**3 - l**2 - 1. Let g(w) = -7*f(w) + 4*m(w). Determine g(-4).
-5
Suppose -4*h + 25 = h. Suppose -5*j - 20 = -5*z, -4*z + 6 = j - h. Let k(m) = m**2 - 2*m + 1. What is k(z)?
4
Let p(f) = 7*f**3 - 2*f**2 + 2*f - 1. Suppose 4*j - 2*j - 4 = 0. Suppose 5*w - 3 = -j*c, c = 4*c + 3. What is p(w)?
6
Let p(h) = 6*h + 7 - 2*h + 0*h**3 + h**3 - 6*h**2. Let i = 0 - -5. Give p(i).
2
Let v(i) be the third derivative of i**6/120 - i**5/10 - 7*i**4/24 - i**3 - 6*i**2. Calculate v(7).
-6
Let w(f) = 7*f**2 + 2*f - 1. Let r = -54 - -55. Calculate w(r).
8
Suppose 0*h = -3*h - 9. Let s be -3 + (-3 - (h + 2)). Let a(q) = -q**2 - 3*q + 1. What is a(s)?
-9
Let u(d) be the third derivative of -d**5/12 - d**4/24 - 13*d**2. What is u(-1)?
-4
Let b(m) be the third derivative of 0*m + 0 - 1/12*m**5 - 1/6*m**3 - 1/6*m**4 - 3*m**2 - 1/120*m**6. What is b(-4)?
-1
Let v = 7 - 2. Suppose -v*h - 11 = 4*p - 31, 8 = -2*p + 2*h. Suppose -3*w = -p*w. Let l(z) = -z**3 - z**2 - 1. Determine l(w).
-1
Let i be ((-8)/20)/(2/(-10)). Suppose -2*a + 45 = 3*a. Let o(b) = -2 + a*b - 6*b - b**2 + 1. What is o(i)?
1
Let x(b) = -b - 5. Let i(l) = l**2 - l + 1. Let p(f) = f**3 - 3*f**2 + 2*f - 6. Let n(m) = 6*i(m) + p(m). Let k be n(-4). Calculate x(k).
-5
Let z be 7*1 + (-2 - -1). Let y(r) = -4 + 0 - 4*r**2 + 0*r**2 + 7*r + 3*r**2. What is y(z)?
2
Let i(u) = 3*u - 1. Suppose 2*v + 2*v = -40. Let p be ((-6)/(-15))/((-1)/v). Suppose o = p - 0. What is i(o)?
11
Let p(l) be the second derivative of -7/2*l**2 + 5/12*l**4 - 1/20*l**5 - l + 1/2*l**3 + 0. Suppose -5*v + 8 + 17 = 0. Calculate p(v).
8
Let d be 5*((-9)/(-15) + -1). Let m be (3/d)/((-15)/20). Let t(y) = 7*y - 9. Let r(o) = 4*o - 4. Let j(x) = -5*r(x) + 2*t(x). What is j(m)?
-10
Let q(c) be the first derivative of -c**3/3 + 4*c**2 - 7*c + 30. Determine q(6).
5
Let f(g) = -312*g**2 - 1 - 1 + 313*g**2. Determine f(-3).
7
Let a(h) = 2 + h**2 - 2*h**2 + 0*h**2 - 2*h. Let y = 16 + 14. Suppose 0 = 3*g + 4*p - 11, -8*g - y = -3*g - 3*p. Calculate a(g).
-1
Suppose 8*r + 25 = 3*r. Let v(b) = -4*b**3 - 4*b**2 + 0*b**3 - 5 + 4*b - b + 3*b**3. What is v(r)?
5
Let c(f) = f**2 - 3*f + 1. Suppose 0 = -14*w + 7*w + 28. What is c(w)?
5
Let m(p) = p**2 - 8*p + 6. Let v be m(7). Let f be 17/(-17) + (3 - v). Let z(a) = a**2 - a. What is z(f)?
6
Let u(v) = v + 1. Let m(w) = -w**2 - 4*w + 1. Let r be m(-2). Let i(a) = -4*a + 2. Let g(d) = r*u(d) + i(d). Give g(0).
7
Let i(k) = -k - 1. Suppose 3 = -2*m + 3*q, -4*m + 3*m - q + 1 = 0. Suppose m = -4*x - 10 - 10. Give i(x).
4
Let p(z) = 4*z**3 + 2*z - 4. Let k(t) = 5*t**3 + t**2 + t - 5. Let m(d) = -5*k(d) + 6*p(d). Determine m(-6).
-5
Let y = 11 - 10. Suppose 4 = b + 2. Let n(i) = -y - 2 - i + b*i + i. What is n(5)?
7
Let o(b) = 3*b**2 - 6*b + 2. Let a(q) = 5*q**2 - 12*q + 3. Let u(t) = 4*a(t) - 7*o(t). Let z = 10 + -15. What is u(z)?
3
Suppose -4*a - 24 = -2*b, -5*b - 10 = -5*a - 50. Let w(v) = -v**2 - 6*v. Determine w(a).
8
Suppose -3*r - 2 + 17 = 0. Let k(y) = -2 + r*y - y**2 - 3*y - 2*y + 5*y. Determine k(5).
-2
Suppose 0 = 2*q - 5*q. Let i(k) be the second derivative of k**5/20 + k**4/12 - k**3/6 - 3*k**2 - 2*k. Determine i(q).
-6
Let c(p) = 2*p**3 + 6*p**2 + 2*p - 2. Let o(k) = -k**3 - 5*k**2 - 2*k + 2. Let q(a) = -2*c(a) - 3*o(a). Give q(4).
-10
Suppose 4*l + 10 = 2*l. Let g(f) be the second derivative of f**3/6 + 7*f**2/2 - 13*f. Calculate g(l).
2
Suppose 2*a - 8 + 2 = 0. Let y be 14/21 + (-8)/a. Let s(u) = 4*u**2 + 3*u. Calculate s(y).
10
Let r(l) = 5*l - 5. Suppose -5*b + 0*b = -3*p - 32, -2*p = -2*b + 20. Let y be (-50)/12 - 4/(-24). Let f(k) = -11*k + 9. Let n(i) = p*r(i) + y*f(i). Give n(0).
9
Suppose -15 = -3*b - 0*b + 3*k, b + 2*k - 2 = 0. Let m(j) be the first derivative of 0*j + j**3 + j**2 + 3 + 1/2*j**b. Calculate m(-2).
-8
Let z(w) = -19*w + 13. Let r(k) = -10*k + 7. Let c(j) = 11*r(j) - 6*z(j). Determine c(1).
3
Let u(q) be the first derivative of q**3/3 + 3*q**2/2 + 3*q + 19. What is u(-4)?
7
Let x(n) = -3*n + 3. Let q be x(2). Let o(m) = -m - 2. Give o(q).
1
Let u(l) = 3*l - 2. Let z(r) = 4*r - 2. Let m(w) = 3*u(w) - 2*z(w). Calculate m(2).
0
Let w(b) = b**3 - 3*b**2 + b - 2. Suppose -k = -2*q - 7, 5*k - 3*q + 4 = -6*q. Let m be k - (-1 + (-4)/(-2)). Let t = 3 + m. Determine w(t).
1
Let o(x) = -x**2 - 4*x + 1. Let v be (0/5)/(1/1) + -5. Calculate o(v).
-4
Let w be (-35)/45 + 2 - (-2)/(-9). Let z(y) = 6*y**3 - 1. Calculate z(w).
5
Suppose -23 - 1 = 4*z. Let u(l) = l**3 + 5*l**2 - 7*l. Let p be u(z). Let g(c) = c**3 - 7*c**2 + 5*c + 7. Give g(p).
1
Let h(i) = -3*i + 2. Let c(q) = -q + 4. Let b be c(6). Calculate h(b).
8
Let d(l) be the first derivative of 10*l + 1/2*l**2 - 1/4*l**4 + 4 - 1/3*l**3. Give d(0).
10
Let a(h) = 5*h - 4 + 2*h**2 + h**2 - 4*h**2. Suppose -z + 5*z = -68. Let u = 20 + z. Determine a(u).
2
Let y be (-20)/9 + (-6)/(-27). Let f = 12 - 7. Let g(a) = 1 + 0 + f*a + 1. Calculate g(y).
-8
Let f(d) = -2*d**2 - 7*d - 15. Let u(w) = 3*w**2 + 10*w + 22. Let q(c) = -7*f(c) - 5*u(c). Give q(0).
-5
Let a(s) be the second derivative of s**5/20 + s**4/3 - s**3/6 - 5*s**2/2 + 3*s. Calculate a(-4).
-1
Let c(y) be the first derivative of -y**3/3 + 2*y**2 - 3*y + 2. Let p be c(2). Let r(i) = -2*i**2 - 6 + 1 + i + p - i**3. Give r(-3).
2
Let w(p) = -p. Let y(n) = -7*n + 1. Let x(o) = 3*w(o) - y(o). Give x(3).
11
Let q(j) = -j**2 + 3*j + 5. Let x(u) = -4*u**2 + 10*u + 16. Let k(p) = -7*q(p) + 2*x(p). Give k(3).
-15
Suppose -c + 2*p + 1 = 0, 3*c - 2 = 5*p + 2. Let w(s) be the second derivative of -3/2*s**2 + 5/